448. What is the units digit of k?
4
Suppose -4*a = -28, 0 = 5*j + 3*a + 11734 - 132675. What is the hundreds digit of j?
1
Suppose 0 = 25*p - 23*p + 14. Let d(q) = q**2 + 2*q + 26. Let k(m) = 2*m**2 + 5*m + 53. Let w(n) = -7*d(n) + 4*k(n). What is the tens digit of w(p)?
3
Let c(f) = -350*f + 1620. What is the units digit of c(-5)?
0
Let w = -35215 + 57035. What is the thousands digit of w?
1
Suppose p - 9768 = 31*t - 32*t, -19557 = -2*p + 5*t. What is the hundreds digit of p?
7
Let i = -2137 - -9944. What is the thousands digit of i?
7
Let d(l) = -321*l**3 - 4*l**2 + 345*l + 1395. What is the ten thousands digit of d(-4)?
2
Let t(j) = -2*j**2 - 15*j + 3. Suppose 3*n = 2*n - 9. Let m be t(n). What is the units digit of 2/(-12)*1 - 1108/m?
6
Let d = 163 - 34. Suppose -993 = -8*u - d. Suppose -4*q - 5*m - 190 = -9*q, 0 = -3*q + m + u. What is the units digit of q?
5
Let p(o) = 64*o**2 + 3*o + 3. Suppose -2*k - 4*l = -34, 0 = 2*k - 2*l + 3*l - 22. Let x = 8 - k. What is the units digit of p(x)?
4
What is the ten thousands digit of (-5)/(-2)*858800/125?
1
Let d(f) = 2*f**2 - 6*f - 4. Let j be d(4). Suppose 5*y + 5*t = t + 2989, 4*t = j*y - 2420. What is the tens digit of y?
0
Let n = 455 + -892. Suppose 2*c + 260 = -5*m - 1060, -4*m - 1084 = -4*c. Let s = m - n. What is the hundreds digit of s?
1
Let a(r) be the third derivative of -11*r**4/24 - 5*r**3/6 - 69*r**2. Suppose 0 = -6*v + v - 20. What is the units digit of a(v)?
9
Let j(u) = -10*u - 13*u + 20*u - 2*u**2 + 0*u**2 + 11. Let s be j(-5). What is the tens digit of s/12 + -1 + 83?
8
Suppose 2117 + 602 = z - 5977. What is the thousands digit of z?
8
Suppose -104*b + 95*b + 639 = 0. Suppose 0 = 3*h + j - 1266 - b, -h + 443 = j. What is the hundreds digit of h?
4
What is the hundreds digit of 2/(-12) - 45877/(-78)?
5
Let x = 10 - -77. Let a = -26 + x. What is the units digit of a?
1
Suppose n + 63 = 5*x, -4*n - 362 + 65 = -5*x. Let g = -13 + n. Let k = g - -164. What is the units digit of k?
3
Let g be 2/((-6)/363*-1). Let z be g + 3*(-25)/15. Let r = z - 80. What is the units digit of r?
6
Let f = 3222 - 2728. What is the hundreds digit of f?
4
Let l(s) = 10*s**2 - 100*s + 1199. What is the tens digit of l(36)?
5
Suppose 8*q - 516170 + 103628 = -121*q. What is the tens digit of q?
9
Let o = 89 + -27. Let b = o + -56. Suppose -4*p - 386 = -b*p. What is the hundreds digit of p?
1
Let j(l) = l**2 - 2*l + 3. Let x be j(3). Let b be (1 - 10/x)*753/(-2). Suppose -2*i = 59 - b. What is the tens digit of i?
9
Let j(v) be the first derivative of 567*v**2/2 + 64*v + 86. What is the hundreds digit of j(2)?
1
Suppose 0*r - 25 = -5*r. Suppose 3*p - 2*b = 0, -4*p - 2*b = -r*b. Suppose p = 16*i - 12*i - 988. What is the tens digit of i?
4
What is the tens digit of ((-165678)/(-18) - (-4)/(-6)) + (-220)/132?
0
Suppose 3*b + 2*x = -75, -2*b - 5*x + 1 - 40 = 0. What is the hundreds digit of ((-10482)/(-8))/(b/(-36))?
7
Suppose 38*k - 17*k - 63 = 0. Suppose t + 1 = 3. Suppose -3*p + 3*l = -129, 4*p - k*l = t*p + 88. What is the units digit of p?
1
What is the tens digit of 5/4 + -3 + (-177002)/(-56)?
5
Let t(j) = 6*j**3 - j**2 - 16*j + 10. Let m be t(-4). Let c = 363 + m. What is the units digit of c?
7
Let s be (5 - 7)/(1/7). What is the units digit of s/7 + (-7 - -2)*-61?
3
Suppose 0 = 159*q - 52925 - 206726 - 177917. What is the thousands digit of q?
2
Suppose -6*z = -37 + 37. Let n(y) = 2*y**3 + y**2 + y + 335. What is the tens digit of n(z)?
3
What is the tens digit of 300/(-250)*2/(-6)*32765?
0
Let p = -200 - -1352. Suppose -p = -3*b + b + 4*x, -4*x = 0. What is the hundreds digit of b?
5
Let c = 559 - 497. Suppose -2*t + 1 = -5*i + 17, -3*t - 10 = -4*i. Suppose -3*z - t*z + 348 = o, -c = -z - 4*o. What is the units digit of z?
0
Let r = -32611 + 55772. What is the ten thousands digit of r?
2
Let k be 4/(-7) - (-191943)/189. Let g = 2153 - k. What is the hundreds digit of g?
1
Suppose -23*c - 776256 = -179*c. What is the tens digit of c?
7
Let x = 138 + -62. Let z = -90 + x. What is the units digit of 2622/133*z/(-2)?
8
Suppose 0 = 8*n - 4*n + 3*o - 6030, -5*n + 2*o = -7572. What is the hundreds digit of n?
5
Let o(l) = 15 + 0*l**2 - 6*l**2 - l**2 - 17. Let u be o(-2). Let g = u - -53. What is the tens digit of g?
2
Suppose 2*z - 2*m - 1682 = 0, -3*z + 2551 = -0*m + 4*m. Let p = z + -412. What is the hundreds digit of p?
4
Suppose -183*n = -86348 - 3556084. What is the thousands digit of n?
9
Let p(z) = 5*z**2 - 29*z - 2. Let f be p(6). Suppose 0*h = f*h - y - 525, 5*h - y - 656 = 0. What is the hundreds digit of h?
1
Let g(y) = 63*y + 844. What is the thousands digit of g(25)?
2
Let l = -2604 + 1353. Let b = 2601 + l. What is the thousands digit of b?
1
Let u(z) = 455*z - 685. What is the tens digit of u(39)?
6
Suppose -824 = -4*p - 3*b + 40130, -30624 = -3*p + 13*b. What is the tens digit of p?
3
Let z be (-7)/(-28) - 5*(-6)/8. Suppose 0 = -5*m - 5*o + 185, m - 26 = z*o + 26. What is the tens digit of m?
4
Let l(v) = 82*v - 20. Let a be l(6). Suppose 4*i = -k + 488, 0 = -4*i + 4*k - k + a. Let n = -43 + i. What is the units digit of n?
8
Let c(j) = j**3 + 12*j**2 - 27*j - 1. Let v(a) = a**2 - 21*a - 13. Let n be v(21). What is the units digit of c(n)?
1
Let p = 342 + -145. Let w = 417 - p. What is the tens digit of w?
2
Let w = 55 + -29. Suppose -25*n - 43 = -w*n. Suppose -13 = 5*r - n. What is the units digit of r?
6
Suppose d + 10*k - 77768 = 0, 3*d + 23550 = -2*k + 256994. What is the tens digit of d?
1
Let a be (-2)/(-12) - (-8755)/102. Suppose 26 = 2*x - a. Suppose 72 = 60*i - x*i. What is the tens digit of i?
1
Let o = 80 - 55. Let i = o - -299. What is the tens digit of i?
2
Let p(i) = -i + 5. Let z be p(3). Suppose 2 = m - 0, -z*d + m = -108. What is the units digit of d?
5
Suppose -2*d = 4*h, 4*d + 3*h - 5 = -0*h. Suppose -2*y = -0*y. Suppose -4*t + 431 = 3*q, y = -3*t + d - 5. What is the tens digit of q?
4
Let d(p) = -14*p**2 + 14*p + 32. Let k be d(-3). Let o = 259 + k. What is the hundreds digit of o?
1
Suppose -5*c + 245 + 8785 = -5*y, 5*y = 0. Suppose 0 = 5*u + 3*b - 2978, -c = -3*u - 0*b + 3*b. What is the tens digit of u?
9
Let s = -221 + 225. Suppose 2*b + f = 419, 28*b - s*f + 1055 = 33*b. What is the tens digit of b?
0
Let t(r) = -3*r + 36. Let w be t(11). Suppose 0 = -5*i + 6*d - 2*d + 1279, -769 = -w*i + 4*d. What is the hundreds digit of i?
2
Suppose 2*d = 2*v + 16, -3*v = 3*d + 14 - 2. Let w be 55*v*(-3)/(-15). Let q = w - -115. What is the tens digit of q?
4
Suppose 310*m - 312*m - 5*l = -98182, -2*m + l + 98170 = 0. What is the hundreds digit of m?
0
Let u(t) = t**2 - t - 69. Suppose 3*z - 10*z = 119. What is the tens digit of u(z)?
3
Suppose -17*o - 603 = -14*o. Let j = o - -251. What is the tens digit of j?
5
Suppose -205 = -14*r + 19. Suppose -o = 3*v - 6*v - 632, -4*v - r = 0. What is the units digit of o?
0
Let a = -21550 - -33433. What is the thousands digit of a?
1
Let p = 43 + -220. Let l = -92 - p. Let f = 161 - l. What is the units digit of f?
6
Suppose 0 = -i + 2*i - 12. Let h be 3/12 - (-1317)/i. Let d = 193 - h. What is the units digit of d?
3
Let b(i) = i**2 - 141*i - 574. Let f be b(-4). Suppose -12 = -4*x, 3*x + 8218 = -3*t + 32119. What is the tens digit of (f*1)/2*t/132?
8
Let c = 9 - 33. Let j be (-4)/c*-2*-6. What is the tens digit of 22*j/6*(-138)/(-23)?
4
Let k(t) = -6*t + 24. Suppose -60 = -15*r - 0. Let j be k(r). Let o(x) = x**3 + x**2 - 2*x + 77. What is the units digit of o(j)?
7
Let c(s) be the first derivative of 5*s**4/4 + s**3 - 6*s**2 + 33*s - 60. What is the tens digit of c(4)?
5
Suppose 12*w = 13*w + 71. Let m = 117 + w. Suppose -u + 3*r = -103, 41 = u + 5*r - m. What is the units digit of u?
7
Let h(q) = q**3 - q**2 - 9*q + 13. Let x be h(4). Let t = x - 33. What is the hundreds digit of ((-62)/t + -1)*(6 - -18)?
1
Let t(k) = -k**2 + 10*k - 19. Let f be t(6). Suppose -4*o - 5*z = -424, -3*z + f*z = 0. What is the units digit of o?
6
Let l be 716/6 + -6 + 40/6. Suppose -1417 = -l*c + 107*c. What is the units digit of c?
9
Suppose -5623*u - 658000 = -5717*u. What is the hundreds digit of u?
0
What is the units digit of (6221/3 - (-13)/39) + 7?
1
Let s(n) = 39*n - 72. Let r be s(8). Let p = 417 - r. What is the tens digit of p?
7
Suppose 116